st common divisor of 272 and 51872?
16
Calculate the highest common factor of 785 and 5144105.
785
What is the highest common divisor of 520 and 187655?
65
Calculate the highest common factor of 6 and 23054.
2
Calculate the greatest common divisor of 165715 and 4301.
253
What is the greatest common divisor of 377 and 117537?
29
Calculate the highest common divisor of 45 and 992025.
45
What is the greatest common factor of 33 and 37862?
11
What is the greatest common factor of 1869 and 41563?
89
What is the highest common factor of 41 and 1159357?
41
Calculate the greatest common divisor of 46 and 14219014.
46
Calculate the highest common factor of 204 and 106.
2
Calculate the greatest common divisor of 1967 and 35125.
281
What is the greatest common divisor of 16014 and 13872?
102
Calculate the greatest common divisor of 1940 and 227756.
388
Calculate the greatest common factor of 48043 and 14368.
449
What is the greatest common divisor of 279 and 10075?
31
What is the highest common divisor of 126976 and 80?
16
What is the greatest common divisor of 21238 and 444?
74
What is the greatest common factor of 25 and 1320925?
25
What is the greatest common divisor of 4990 and 85?
5
Calculate the highest common divisor of 95794 and 13504.
422
Calculate the highest common divisor of 7902 and 98.
2
Calculate the greatest common divisor of 10723671 and 567.
567
What is the highest common divisor of 1467 and 20864?
163
What is the highest common factor of 49346 and 66?
22
What is the highest common factor of 240 and 284560?
80
What is the greatest common factor of 54317 and 551?
29
What is the greatest common divisor of 16 and 19752?
8
What is the greatest common divisor of 2948 and 3652?
44
Calculate the greatest common divisor of 199416 and 231.
21
What is the highest common divisor of 4900 and 2700?
100
Calculate the greatest common divisor of 7348 and 59619.
167
What is the highest common divisor of 8732 and 185?
37
Calculate the highest common divisor of 582 and 53641.
97
Calculate the highest common divisor of 800 and 8540.
20
What is the greatest common divisor of 7690 and 170?
10
Calculate the greatest common divisor of 57622 and 47.
47
What is the highest common divisor of 68 and 85102?
34
What is the highest common factor of 9 and 75807?
9
Calculate the highest common factor of 531800 and 100.
100
Calculate the greatest common factor of 115829 and 7.
7
Calculate the greatest common factor of 46 and 1488.
2
What is the highest common divisor of 4576 and 26494?
26
Calculate the highest common factor of 6153 and 273.
21
What is the highest common divisor of 424 and 528834?
106
Calculate the greatest common divisor of 60 and 2342352.
12
What is the highest common factor of 21992 and 16?
8
Calculate the greatest common factor of 72 and 979956.
36
Calculate the highest common factor of 663 and 1433185.
221
Calculate the highest common divisor of 336083 and 11.
11
Calculate the greatest common factor of 96529 and 415.
83
Calculate the greatest common divisor of 203476 and 140.
28
What is the greatest common factor of 679398 and 48?
6
Calculate the greatest common factor of 7254 and 28314.
234
Calculate the greatest common factor of 28 and 41643.
7
Calculate the highest common factor of 255 and 8007.
51
Calculate the highest common divisor of 130647 and 642.
321
What is the greatest common factor of 1189 and 5510?
29
Calculate the greatest common divisor of 9920 and 23715.
155
What is the greatest common factor of 2034 and 414?
18
Calculate the greatest common factor of 84864 and 16864.
544
Calculate the highest common divisor of 180 and 2300.
20
What is the greatest common factor of 282999 and 537?
537
What is the greatest common factor of 3548839 and 399?
133
Calculate the greatest common divisor of 650 and 9256.
26
What is the highest common factor of 336 and 12752?
16
What is the highest common divisor of 7854 and 152229?
231
Calculate the greatest common divisor of 1560 and 600.
120
Calculate the highest common factor of 36 and 8991.
9
What is the highest common divisor of 37835 and 8883?
329
What is the greatest common divisor of 4797 and 14157?
117
What is the greatest common factor of 12934 and 145?
29
What is the highest common divisor of 126 and 3122?
14
Calculate the highest common divisor of 2275 and 76300.
175
Calculate the highest common divisor of 1163509 and 1514.
757
What is the highest common divisor of 1025696 and 8?
8
Calculate the highest common factor of 449358 and 42.
42
Calculate the greatest common divisor of 945 and 182.
7
What is the greatest common factor of 7722 and 507?
39
Calculate the highest common factor of 3523 and 351487.
271
What is the highest common factor of 39 and 251459?
13
Calculate the greatest common factor of 62832 and 21336.
168
Calculate the highest common divisor of 5941 and 14885.
13
What is the greatest common factor of 915 and 549?
183
Calculate the highest common factor of 1016099 and 1149.
383
Calculate the greatest common factor of 2365 and 37312.
11
What is the highest common factor of 1641 and 25709?
547
Calculate the greatest common divisor of 36 and 899.
1
Calculate the greatest common factor of 4069 and 81693.
313
What is the greatest common factor of 4232 and 1473794?
1058
What is the greatest common factor of 391 and 84881?
17
Calculate the greatest common factor of 7440 and 22196.
124
What is the greatest common factor of 143626 and 14?
14
What is the greatest common divisor of 1060 and 14360?
20
What is the highest common divisor of 97851 and 507?
507
What is the highest common divisor of 2010197 and 7?
7
Calculate the highest common factor of 144 and 29466.
18
Calculate the highest common divisor of 77 and 55451.
11
What is the greatest common factor of 98 and 1302224?
98
What is the greatest common factor of 112 and 139888?
112
What is the greatest common divisor of 1286 and 5893738?
1286
Calculate the highest common divisor of 1064 and 119624.
152
Calculate the greatest common factor of 3650 and 1095.
365
What is the highest common divisor of 72034 and 2?
2
Calculate the highest common factor of 40135 and 115.
115
Calculate the highest common divisor of 238144 and 512.
64
What is the highest common factor of 33467 and 1568?
49
Calculate the highest common divisor of 420 and 5593420.
140
Calculate the highest common factor of 133974 and 306.
18
Calculate the greatest common factor of 563 and 338363.
563
What is the highest common divisor of 68 and 6613?
17
What is the greatest common divisor of 12155 and 209729?
221
Calculate the highest common divisor of 286209 and 5390.
539
What is the highest common divisor of 102 and 85034?
34
What is the highest common factor of 3446950 and 26?
26
Calculate the highest common factor of 11270 and 1470.
490
What is the greatest common divisor of 592 and 752432?
592
Calculate the greatest common factor of 2004 and 459918.
1002
Calculate the greatest common divisor of 68445 and 261.
9
What is the greatest common divisor of 10142 and 13486?
22
Calculate the greatest common divisor of 13362 and 306.
102
Calculate the greatest common factor of 52 and 272233.
13
What is the greatest common divisor of 180 and 84510?
90
Calculate the greatest common factor of 26 and 375622.
26
Calculate the highest common divisor of 26896 and 208.
16
Calculate the greatest common divisor of 427 and 500444.
427
Calculate the highest common divisor of 276858 and 162.
162
Calculate the highest common divisor of 16044 and 84.
84
Calculate the greatest common factor of 6331 and 707124.
487
Calculate the highest common divisor of 31 and 233.
1
Calculate the greatest common divisor of 3916154 and 374.
374
What is the greatest common factor of 114754 and 724?
362
What is the highest common factor of 3105 and 42228?
621
What is the greatest common factor of 9621 and 630?
9
Calculate the greatest common factor of 189811 and 67.
67
Calculate the highest common factor of 21 and 34392.
3
What is the highest common factor of 2201410 and 40?
10
What is the highest common factor of 46455 and 24939?
489
What is the highest common divisor of 331766 and 4?
2
Calculate the highest common divisor of 14 and 774074.
14
What is the greatest common factor of 680 and 50745?
85
What is the greate